{"id":350,"date":"2022-05-17T16:46:40","date_gmt":"2022-05-17T14:46:40","guid":{"rendered":"https:\/\/lakajadevintage.com\/?post_type=product&#038;p=350"},"modified":"2024-10-17T18:22:24","modified_gmt":"2024-10-17T16:22:24","slug":"lote-mix-abrigo-sportwear","status":"publish","type":"product","link":"https:\/\/lakajadevintage.com\/?product=lote-mix-abrigo-sportwear","title":{"rendered":"LOTE 20kg CHAQUETA MARCA"},"content":{"rendered":"","protected":false},"excerpt":{"rendered":"<p>Lote de 20kg de chaquetas y abrigos de marcas deportivas<\/p>\n<p>En esta categor\u00eda podr\u00e1s encontrar una variedad de estilos como pueden ser puffer, harrintong, bombers, anoraks, abrigos, etc. Desde los a\u00f1os 80, 90 y 2000.<\/p>\n<p>Nuestro equipo est\u00e1 cualificado y especializado en preparar lotes de la mejor manera posible para evitar manchas y rotos, pero hay que tener en cuenta que trabajamos con piezas vintage\/segunda mano que son \u00fanicas y especiales, por lo que pueden tener alg\u00fan ligero desperfecto debido al uso.<\/p>\n<p>Las fotos son un ejemplo del tipo de producto que compone el lote ajust\u00e1ndose a nuestros est\u00e1ndares de calidad, no son los productos concretos incluidos en el lote.<\/p>\n<p>Importante: 1kg de esta categor\u00eda equivale aproximadamente a 2 &#8211; 3 piezas por lo que la pieza te saldr\u00eda entre 7 &#8211; 9\u20ac.<\/p>\n<p>_______________________________<\/p>\n<p>Lot of 20kg sports brand jackets and coats.<\/p>\n<p>In this category you will find a variety of styles such as puffer, harrintong, bombers, anoraks, coats, etc. From the 80&#8217;s, 90&#8217;s and 2000.<\/p>\n<p>Our team is qualified and specialized in preparing lots in the best possible way to avoid stains and tears, but keep in mind that we work with vintage\/second hand pieces that are unique and special, so they may have some slight damage due to use.<\/p>\n<p>The photos are an example of the type of product that make up the lot according to our quality standards, they are not the specific products included in the lot.<\/p>\n<p>Important: 1kg of this category is equivalent to approximately 2 &#8211; 3 pieces so the piece would cost you between 7 &#8211; 9\u20ac.<\/p>\n","protected":false},"featured_media":497,"template":"","meta":{"om_disable_all_campaigns":false,"_monsterinsights_skip_tracking":false,"_monsterinsights_sitenote_active":false,"_monsterinsights_sitenote_note":"","_monsterinsights_sitenote_category":0},"product_brand":[],"product_cat":[45,26],"product_tag":[],"class_list":{"0":"post-350","1":"product","2":"type-product","3":"status-publish","4":"has-post-thumbnail","6":"product_cat-abrigo-marca","7":"product_cat-chaqueta-marca","9":"first","10":"outofstock","11":"sold-individually","12":"taxable","13":"shipping-taxable","14":"purchasable","15":"product-type-simple"},"_links":{"self":[{"href":"https:\/\/lakajadevintage.com\/index.php?rest_route=\/wp\/v2\/product\/350","targetHints":{"allow":["GET"]}}],"collection":[{"href":"https:\/\/lakajadevintage.com\/index.php?rest_route=\/wp\/v2\/product"}],"about":[{"href":"https:\/\/lakajadevintage.com\/index.php?rest_route=\/wp\/v2\/types\/product"}],"wp:featuredmedia":[{"embeddable":true,"href":"https:\/\/lakajadevintage.com\/index.php?rest_route=\/wp\/v2\/media\/497"}],"wp:attachment":[{"href":"https:\/\/lakajadevintage.com\/index.php?rest_route=%2Fwp%2Fv2%2Fmedia&parent=350"}],"wp:term":[{"taxonomy":"product_brand","embeddable":true,"href":"https:\/\/lakajadevintage.com\/index.php?rest_route=%2Fwp%2Fv2%2Fproduct_brand&post=350"},{"taxonomy":"product_cat","embeddable":true,"href":"https:\/\/lakajadevintage.com\/index.php?rest_route=%2Fwp%2Fv2%2Fproduct_cat&post=350"},{"taxonomy":"product_tag","embeddable":true,"href":"https:\/\/lakajadevintage.com\/index.php?rest_route=%2Fwp%2Fv2%2Fproduct_tag&post=350"}],"curies":[{"name":"wp","href":"https:\/\/api.w.org\/{rel}","templated":true}]}}