{"id":354,"date":"2022-05-17T16:52:20","date_gmt":"2022-05-17T14:52:20","guid":{"rendered":"https:\/\/lakajadevintage.com\/?post_type=product&#038;p=354"},"modified":"2024-01-09T17:47:11","modified_gmt":"2024-01-09T16:47:11","slug":"lote-mix-deportivo","status":"publish","type":"product","link":"https:\/\/lakajadevintage.com\/?product=lote-mix-deportivo","title":{"rendered":"LOTE 10 PARES DE ZAPATILLAS DEPORTIVAS"},"content":{"rendered":"","protected":false},"excerpt":{"rendered":"<p>Lote 10 pares zapatillas deportivas<\/p>\n<p>En este lote podr\u00e1s encontrar zapatillas deportivas de diferentes marcas como: Adidas, Nike, Puma, Reebok, etc.<\/p>\n<p>En esta categor\u00eda podr\u00e1s encontrar una variedad de estilos desde los a\u00f1os 80, 90 y 2000.<\/p>\n<p>Nuestro equipo est\u00e1 cualificado y especializado en preparar lotes de la mejor manera posible para evitar manchas y rotos, pero hay que tener en cuenta que trabajamos con piezas vintage\/segunda mano que son \u00fanicas y especiales, por lo que pueden tener alg\u00fan ligero desperfecto debido al uso.<\/p>\n<p>Las fotos son un ejemplo del tipo de producto que compone el lote ajust\u00e1ndose a nuestros est\u00e1ndares de calidad, no son los productos concretos incluidos en el lote.<\/p>\n<p>_______________________________<\/p>\n<p>Lot of 10 pairs of sneakers<\/p>\n<p>In this lot you will find sneakers of different brands such as: Adidas, Nike, Puma, Reebok, etc.<\/p>\n<p>In this category you will find a variety of styles from the 80&#8217;s, 90&#8217;s and 2000.<\/p>\n<p>Our team is qualified and specialized in preparing lots in the best possible way to avoid stains and breakages, but keep in mind that we work with vintage\/second hand pieces that are unique and special, so they may have some slight damage due to use.<\/p>\n<p>The photos are an example of the type of product that make up the lot conforming to our quality standards, they are not the specific products included in the lot.<\/p>\n","protected":false},"featured_media":443,"template":"","meta":{"om_disable_all_campaigns":false,"_monsterinsights_skip_tracking":false,"_monsterinsights_sitenote_active":false,"_monsterinsights_sitenote_note":"","_monsterinsights_sitenote_category":0},"product_brand":[],"product_cat":[37],"product_tag":[],"class_list":{"0":"post-354","1":"product","2":"type-product","3":"status-publish","4":"has-post-thumbnail","6":"product_cat-shoes","8":"first","9":"instock","10":"sold-individually","11":"taxable","12":"shipping-taxable","13":"purchasable","14":"product-type-simple"},"_links":{"self":[{"href":"https:\/\/lakajadevintage.com\/index.php?rest_route=\/wp\/v2\/product\/354","targetHints":{"allow":["GET"]}}],"collection":[{"href":"https:\/\/lakajadevintage.com\/index.php?rest_route=\/wp\/v2\/product"}],"about":[{"href":"https:\/\/lakajadevintage.com\/index.php?rest_route=\/wp\/v2\/types\/product"}],"wp:featuredmedia":[{"embeddable":true,"href":"https:\/\/lakajadevintage.com\/index.php?rest_route=\/wp\/v2\/media\/443"}],"wp:attachment":[{"href":"https:\/\/lakajadevintage.com\/index.php?rest_route=%2Fwp%2Fv2%2Fmedia&parent=354"}],"wp:term":[{"taxonomy":"product_brand","embeddable":true,"href":"https:\/\/lakajadevintage.com\/index.php?rest_route=%2Fwp%2Fv2%2Fproduct_brand&post=354"},{"taxonomy":"product_cat","embeddable":true,"href":"https:\/\/lakajadevintage.com\/index.php?rest_route=%2Fwp%2Fv2%2Fproduct_cat&post=354"},{"taxonomy":"product_tag","embeddable":true,"href":"https:\/\/lakajadevintage.com\/index.php?rest_route=%2Fwp%2Fv2%2Fproduct_tag&post=354"}],"curies":[{"name":"wp","href":"https:\/\/api.w.org\/{rel}","templated":true}]}}