{"id":700,"date":"2024-01-31T12:11:35","date_gmt":"2024-01-31T11:11:35","guid":{"rendered":"https:\/\/lakajadevintage.com\/?post_type=product&#038;p=700"},"modified":"2024-02-21T14:34:47","modified_gmt":"2024-02-21T13:34:47","slug":"lote-10-unidades-chaqueta-marca","status":"publish","type":"product","link":"https:\/\/lakajadevintage.com\/?product=lote-10-unidades-chaqueta-marca","title":{"rendered":"LOTE 10 unidades CHAQUETA MARCA"},"content":{"rendered":"","protected":false},"excerpt":{"rendered":"<p>Lote de 10 unidades de chaquetas y abrigos de marcas deportivas<\/p>\n<p>En esta categor\u00eda podr\u00e1s encontrar una variedad de estilos como pueden ser puffer, harrintong, bombers, anoraks, abrigos, etc. Desde los a\u00f1os 80, 90 y 2000.<\/p>\n<p>Nuestro equipo est\u00e1 cualificado y especializado en preparar lotes de la mejor manera posible para evitar manchas y rotos, pero hay que tener en cuenta que trabajamos con piezas vintage\/segunda mano que son \u00fanicas y especiales, por lo que pueden tener alg\u00fan ligero desperfecto debido al uso.<\/p>\n<p>Las fotos son un ejemplo del tipo de producto que compone el lote ajust\u00e1ndose a nuestros est\u00e1ndares de calidad, no son los productos concretos incluidos en el lote.<\/p>\n<p>_______________________________<\/p>\n<p>Lot of 10 units sports brand jackets and coats.<\/p>\n<p>In this category you will find a variety of styles such as puffer, harrintong, bombers, anoraks, coats, etc. From the 80&#8217;s, 90&#8217;s and 2000.<\/p>\n<p>Our team is qualified and specialized in preparing lots in the best possible way to avoid stains and tears, but keep in mind that we work with vintage\/second hand pieces that are unique and special, so they may have some slight damage due to use.<\/p>\n<p>The photos are an example of the type of product that make up the lot according to our quality standards, they are not the specific products included in the lot.<\/p>\n","protected":false},"featured_media":794,"template":"","meta":{"om_disable_all_campaigns":false,"_monsterinsights_skip_tracking":false,"_monsterinsights_sitenote_active":false,"_monsterinsights_sitenote_note":"","_monsterinsights_sitenote_category":0},"product_brand":[],"product_cat":[26],"product_tag":[],"class_list":{"0":"post-700","1":"product","2":"type-product","3":"status-publish","4":"has-post-thumbnail","6":"product_cat-chaqueta-marca","8":"first","9":"instock","10":"sold-individually","11":"taxable","12":"shipping-taxable","13":"purchasable","14":"product-type-simple"},"_links":{"self":[{"href":"https:\/\/lakajadevintage.com\/index.php?rest_route=\/wp\/v2\/product\/700","targetHints":{"allow":["GET"]}}],"collection":[{"href":"https:\/\/lakajadevintage.com\/index.php?rest_route=\/wp\/v2\/product"}],"about":[{"href":"https:\/\/lakajadevintage.com\/index.php?rest_route=\/wp\/v2\/types\/product"}],"wp:featuredmedia":[{"embeddable":true,"href":"https:\/\/lakajadevintage.com\/index.php?rest_route=\/wp\/v2\/media\/794"}],"wp:attachment":[{"href":"https:\/\/lakajadevintage.com\/index.php?rest_route=%2Fwp%2Fv2%2Fmedia&parent=700"}],"wp:term":[{"taxonomy":"product_brand","embeddable":true,"href":"https:\/\/lakajadevintage.com\/index.php?rest_route=%2Fwp%2Fv2%2Fproduct_brand&post=700"},{"taxonomy":"product_cat","embeddable":true,"href":"https:\/\/lakajadevintage.com\/index.php?rest_route=%2Fwp%2Fv2%2Fproduct_cat&post=700"},{"taxonomy":"product_tag","embeddable":true,"href":"https:\/\/lakajadevintage.com\/index.php?rest_route=%2Fwp%2Fv2%2Fproduct_tag&post=700"}],"curies":[{"name":"wp","href":"https:\/\/api.w.org\/{rel}","templated":true}]}}